the hundreds digit of f(2)?
0
Let f(y) = y**3 - 7*y**2 + 5*y - 1. Let l be f(6). Let g = 11 + l. Suppose -g*u + 0*u = -72. What is the tens digit of u?
1
Let s be (-14)/(-10) + 33/55. Suppose -4*q = 3*b + 16 - 44, -8 = -s*q. Suppose b*l - 15 = 81. What is the units digit of l?
4
Suppose 0 = 2*m - 9*i + 10*i - 169, 0 = -3*i - 3. What is the tens digit of m?
8
Suppose 0 = -9*w + 39 + 15. What is the tens digit of 9/(81/960)*w/5?
2
Suppose -3*d + 212 = u, 3*d + d + 784 = 4*u. Suppose 0*a = 2*a - u. What is the hundreds digit of a?
1
Let s = 3241 - 2013. What is the units digit of s?
8
What is the hundreds digit of 171*4/(-6)*(-42)/28?
1
Suppose -1 = -5*g + 9. Suppose 2*j - 3*j = 5*l - 27, 114 = 2*j - g*l. Suppose 0 = 3*i - 5*i + j. What is the tens digit of i?
2
Suppose 13*j - 6 = 12*j. What is the tens digit of 2/j - ((-10065)/9)/11?
0
Let x(h) = h. Let f be x(10). Let n = f - 10. What is the tens digit of (-27)/(1 + -2 + n)?
2
Suppose -4008 = -4*x - 2*x. What is the hundreds digit of x?
6
Suppose 12*i = 7*i + 235. Let y = 89 - i. What is the units digit of y?
2
Let y(n) = n**2 + 5*n - 2. Let q be y(3). Suppose 0 = x - 76 + q. What is the units digit of x?
4
Suppose -74 - 1 = -5*g. Suppose 5*m + 15 = -g. What is the units digit of 6*(-3 + (-27)/m)?
9
Suppose -2*j = 2*r - 3*r + 14, -3*r + 24 = 3*j. Suppose 60 = r*p - 5*p. What is the tens digit of p?
1
Let i be (-3764)/28 + 8/(-14). Let x = i - -279. What is the tens digit of x?
4
Let p be ((-30)/25)/((-3)/(-10)). Let a = 49 + p. Let x = 6 + a. What is the tens digit of x?
5
Let q(w) = w**3 + 22*w**2 - 9*w - 29. What is the hundreds digit of q(-19)?
2
Suppose -y + 56 = -4*d - 58, 0 = 5*y - 5*d - 615. What is the hundreds digit of y?
1
Let m(n) = 8*n**2 + 3*n + 12. Let p(c) = 7*c**2 + 3*c + 11. Let z(l) = -6*m(l) + 7*p(l). What is the units digit of z(-7)?
3
Suppose 3*o = 5*j + 5, -5*j + o - 1 = -3*j. Suppose 5*b - 108 = j*b. What is the units digit of b?
6
Let s(h) = -71*h - 2. Let l = -39 + 38. What is the tens digit of s(l)?
6
Suppose 311 = 21*z - 5317. What is the units digit of z?
8
Suppose 5*c = 325 + 205. Suppose -119 = -5*h + c. Let r = -19 + h. What is the tens digit of r?
2
Let r = -1666 - -2752. What is the tens digit of (r/4)/(12/8)?
8
Suppose -10*o + 6*o = -1804. Suppose -144 = -w - 5*j, j + 4*j = 4*w - o. What is the units digit of w?
9
Let f(t) = -t**3 + 3*t**3 + 2*t**2 - 8*t**2 + 4 - 24*t + 26*t. What is the units digit of f(4)?
4
What is the units digit of 1681 + (4 + (-7)/2)*2?
2
Suppose 3*s - c - 7885 = 0, s + c = -3*c + 2611. Suppose 6*x + 893 = s. What is the units digit of x?
9
Suppose -5*x - 4*i + 1461 = -674, 4*i = -2*x + 866. Suppose -4*w + x = -3*r, 0*w - 5*r + 100 = w. What is the tens digit of w?
0
Suppose n - 2*y - 124 = 366, 3*y + 495 = n. What is the units digit of n?
0
Suppose 3*f + 3667 = 7*f + g, f - 933 = 3*g. Let v = f - 642. Suppose 5*x - 181 = -4*o, -55 + v = 5*o + x. What is the units digit of o?
4
Let a = -21 + 14. Let u = -5 - a. What is the tens digit of u - 0 - 2*-11?
2
Let c(j) = j**3 - 43*j**2 - 41*j + 152. What is the hundreds digit of c(44)?
2
Let w(s) = s**3 + 18*s**2 - 3*s + 9. Let j be w(-18). Suppose 187 = 3*l + 4*q, j = -4*l - q + 295. What is the units digit of l?
7
Let n = -125 + 285. What is the tens digit of n?
6
Suppose 36*c - 32*c - 2700 = 0. What is the tens digit of c?
7
Let j(m) be the first derivative of 1 + 1/3*m**3 - 3*m + 3/2*m**2. What is the tens digit of j(-7)?
2
Let r = -1262 - -2396. Suppose -17*p + r = -10*p. What is the units digit of p?
2
Let c be 2/6 - (-443)/3. Let a = 305 - c. What is the units digit of a?
7
Suppose -3*v = -3*f + 4080, -5*v + 6784 = 5*f - 6*v. What is the thousands digit of f?
1
Suppose -101*k - 31*k + 204072 = 0. What is the hundreds digit of k?
5
Suppose 5*c - 520 = 3925. Suppose 4*t + c = 5*p, t + 176 = p + 2*t. What is the tens digit of p?
7
Let j(a) = -a**3 + 8*a**2 + 13*a - 13. Let o be -8*(20/8)/(-5). Suppose 37 = 3*l + 2*l - o*x, x + 25 = 3*l. What is the units digit of j(l)?
3
Let j = 0 + 0. Suppose -a + j*a = -48. What is the units digit of a?
8
Let k be ((-2)/(-4))/((-1)/(-42)). Let l = 162 - 163. What is the units digit of (4/l)/((-14)/k)?
6
What is the hundreds digit of 3/6*(-3 - -47*35)?
8
Suppose 31*t + 37530 = 61*t. What is the hundreds digit of t?
2
Let d be (18/(-10))/((-5)/75). Let k(y) = 8 + 11 + 5*y - d. What is the units digit of k(6)?
2
Let a = -3676 - -6994. What is the units digit of a?
8
Let w(o) = 5*o - 45. Let n be w(10). Suppose -s = -2*q + q + 183, n*q - 4*s = 915. What is the units digit of q?
3
Suppose 5*i - 17873 = 3*b, -4*i + 5*b = 3727 - 18015. What is the tens digit of i?
7
Let i(q) = 3*q**2 + 3*q - 7. Let k be i(-4). Let b(c) = -c**3 + 28*c**2 + 33*c - 42. What is the tens digit of b(k)?
7
Let l = 72 - -22. Suppose 2*k - l + 20 = 0. What is the tens digit of k?
3
Suppose 4*n = 5*z + 3, -2*n + z = -n - 2. Suppose -2*p + 5 + 9 = 0. What is the tens digit of p/n*(3 - -42)?
4
Let o be (-1)/(5/5) + 18. Suppose -6 = c - o. What is the units digit of c?
1
Let q be 3/1 - (-2)/(2 + 0). Suppose 0 = q*x - x - 153. What is the units digit of x?
1
Suppose 0 = 4*i - 3*y - 1371, 3*i = 8*y - 7*y + 1027. What is the units digit of i?
2
What is the hundreds digit of 2 + 0 - (-11092)/12*3?
7
Let x(l) = -2*l**3 - 2*l**2 + 9. Let j be x(4). What is the tens digit of j*((-7)/21)/((-2)/(-6))?
5
Let j = -29 + 3. What is the tens digit of (j/3)/(14/(-42))?
2
Suppose 0 = 2*h + 2*b - 3*b - 80, 0 = -2*h - b + 80. Suppose -h*x - 405 = -45*x. What is the tens digit of x?
8
Let f = 6286 + -4043. What is the tens digit of f?
4
Let y(t) = -t**3 - 4. Let s be y(-2). Suppose s*u + u = 480. What is the units digit of u?
6
Suppose 42*j = 3*j + 1365. What is the units digit of j?
5
Let u(l) = -2*l**3 - 4*l**2 - 4*l - 3. Let w be -6 + 5 - -2*(0 + -1). What is the tens digit of u(w)?
2
Let n(a) = a**2 + 8*a + 3. Let k be n(-8). Suppose f - 288 = -k*f. What is the tens digit of f?
7
Let p(s) = s**3 + 13*s**2 + 12*s + 5. Let u be p(-12). Suppose 2*g - u = 49. What is the tens digit of g?
2
Suppose 8*f - 5*f - 6 = 0. Let o = f + 2. Suppose p = 2*p - o*j + 11, -4*j + 12 = 0. What is the units digit of p?
1
Let q(n) = 1124*n - 727. What is the hundreds digit of q(6)?
0
Suppose 0 = -2*x + 4*x - 126. Suppose -3*l + 6*l - 9 = 0, 4*l = o - x. What is the tens digit of o?
7
Let v be (11 - 43)/(1/(-14)). Suppose 2*l - 3*j + 189 - 629 = 0, 0 = -2*l + j + v. What is the tens digit of l?
2
Suppose 1145 = 5*u - 2245. What is the units digit of u?
8
Let k(q) = 486*q**3 - 30*q**2 + 6*q - 6. What is the hundreds digit of k(2)?
7
Let m = 1017 - 613. What is the tens digit of m?
0
Let w(f) = -3*f + 13 - 9*f**2 + 12 - f**3 + 7*f. What is the hundreds digit of w(-11)?
2
Let a(n) = n**2 - 5*n - 9. Let k be a(7). Suppose k*o - 1 = -21. What is the tens digit of 26/8*(4 - o)?
2
Suppose 4*f = 3*o - 2 - 1, f + 5*o = 28. Suppose -c - 2 = -f*z + z, 0 = -5*c. What is the units digit of (7 + z)/4 + 27?
9
Suppose 197 = 2*f + 2*u - 1129, 0 = 2*u - 4. What is the units digit of f?
1
Let o be (-76)/(-24) - 2/12. Suppose o*w - 108 = -3*y, 4*w - 2*w + 10 = 0. What is the units digit of y?
1
What is the units digit of 118/2*(2 + -1) - 4?
5
Suppose -4*q + 16 = 4*w - 0*q, -4*q + 17 = 5*w. Let a(y) = 1 - 3*y - w - 4 + 2*y**2. What is the tens digit of a(-3)?
2
Let h(w) = -6*w**2 - 9*w - 10. Let u be 4/26 + 186/(-26). Let r(d) = -2*d**2 - 3*d - 3. Let y(c) = u*r(c) + 2*h(c). What is the tens digit of y(-4)?
2
Let y(l) = -189*l - 18. What is the units digit of y(-1)?
1
Let u(y) = y**2 - 14*y + 3. Let a be u(14). Let i = 29 + a. What is the tens digit of i?
3
Let f = 1594 + -693. What is the hundreds digit of f?
9
Suppose 48*h = 55*h - 3542. What is the units digit of h?
6
Suppose 7*x - 27623 = -9094. What is the thousands digit of x?
2
What is the units digit of 5 - (12 + -25)/((-2)/(-58))?
2
Let s = 1161 + -680. What is the hundreds digit of s?
4
Suppose 3*x - 4*u + u - 294 = 0, 5*x - 3*u - 498 = 0. Suppose -76 = -3*j + 137. Let p = x - j. What is the units digit of p?
1
Let x = 18 + -4. What is the tens digit of 4/x + 1980/28?
7
Suppose -n = -3*q - 444, 3*n - 5*q - 397 = 947. What is the units digit of n?
3
Let x(r) = -5*r**2 + 4 - 10*r + 0*r**